4
Calculate the greatest common factor of 1763495 and 340.
85
Calculate the highest common factor of 1065257 and 29.
29
Calculate the highest common factor of 96 and 51561384.
24
What is the highest common divisor of 445076 and 6672?
4
What is the highest common divisor of 26277183 and 18?
9
Calculate the highest common divisor of 15 and 30233.
1
What is the highest common factor of 139072 and 1608444?
212
Calculate the greatest common divisor of 154668 and 108.
12
Calculate the highest common divisor of 3633175862 and 4924.
2462
What is the highest common factor of 8866 and 3275646?
682
What is the highest common divisor of 194893218 and 62?
62
Calculate the highest common factor of 7084070 and 34510.
1190
What is the highest common factor of 1568 and 133613984?
1568
What is the greatest common factor of 13791 and 107766?
3
Calculate the greatest common factor of 19655492 and 4.
4
What is the greatest common factor of 153693 and 5976?
9
What is the greatest common divisor of 38454 and 5165277?
1131
Calculate the highest common divisor of 8752 and 1104760584.
4376
What is the highest common factor of 12384 and 48864?
96
Calculate the highest common divisor of 27142915 and 1315.
1315
Calculate the highest common factor of 1619233 and 308.
77
What is the greatest common divisor of 4426821 and 1386?
63
Calculate the highest common factor of 393111565 and 15.
5
What is the highest common divisor of 126038 and 18326?
374
What is the greatest common divisor of 33360 and 740036?
556
What is the greatest common factor of 1688477 and 14?
7
Calculate the greatest common divisor of 51156 and 196740292.
5684
What is the highest common factor of 852 and 10236?
12
What is the highest common divisor of 74834 and 2914?
62
What is the highest common divisor of 452387 and 80189?
1513
What is the highest common factor of 97390361 and 101?
101
What is the highest common divisor of 15 and 523490880?
15
What is the greatest common divisor of 51154835 and 491?
491
Calculate the highest common factor of 605682 and 598598.
3542
Calculate the highest common divisor of 17058703 and 241.
241
Calculate the greatest common divisor of 96 and 39233754.
6
Calculate the highest common divisor of 676578 and 3319344.
3738
Calculate the greatest common factor of 7666204 and 2912.
364
Calculate the highest common factor of 22564 and 196012.
4
Calculate the greatest common divisor of 113 and 260576.
1
What is the highest common factor of 2854446 and 495670?
1022
Calculate the greatest common factor of 30140 and 9340.
20
What is the greatest common divisor of 22293178 and 43946?
6278
What is the greatest common factor of 32007919 and 265?
53
What is the highest common divisor of 8534046 and 3706?
218
Calculate the highest common factor of 2225780111 and 257.
257
What is the greatest common factor of 30411 and 14715654?
327
Calculate the greatest common divisor of 108064 and 156552.
88
What is the greatest common factor of 809599284 and 246?
246
Calculate the greatest common divisor of 33984 and 10506484.
236
What is the highest common divisor of 46970 and 5290?
10
Calculate the highest common factor of 142263 and 6991963.
5269
What is the greatest common divisor of 107123461 and 4021?
4021
Calculate the greatest common factor of 8134 and 11391667.
4067
What is the greatest common divisor of 50249931 and 2718?
453
What is the greatest common divisor of 52240 and 401160?
40
Calculate the highest common factor of 5061 and 76501353.
723
What is the highest common divisor of 5344082 and 693769?
6869
What is the greatest common divisor of 4472 and 3205736?
344
Calculate the highest common divisor of 72 and 11769648.
24
Calculate the highest common divisor of 9 and 11955303.
9
Calculate the greatest common divisor of 40 and 2290780900.
20
Calculate the greatest common divisor of 13344 and 5367624.
3336
What is the highest common divisor of 533903 and 162913?
1613
What is the greatest common divisor of 14416522 and 32904?
914
What is the greatest common divisor of 102297 and 38370891?
2379
Calculate the greatest common factor of 420 and 1744344.
84
What is the greatest common factor of 1089424 and 9311792?
7952
What is the highest common factor of 42889994 and 196?
98
What is the greatest common divisor of 1197657 and 846?
9
Calculate the highest common divisor of 12192 and 805053.
381
Calculate the greatest common factor of 768 and 25728640.
128
What is the greatest common divisor of 21554 and 2614?
2
Calculate the greatest common divisor of 150 and 197996.
2
What is the greatest common factor of 4302673557 and 39?
39
What is the highest common factor of 7473 and 619131?
141
Calculate the highest common factor of 21828 and 1095708.
12
What is the highest common divisor of 21531373 and 358?
179
What is the greatest common factor of 79 and 19501624?
79
Calculate the highest common factor of 209390 and 19870.
10
Calculate the greatest common divisor of 2391 and 24360305.
797
Calculate the highest common factor of 57 and 3872751.
57
What is the highest common divisor of 1485 and 155385405?
135
Calculate the highest common divisor of 148 and 237673496.
148
Calculate the highest common factor of 291 and 243484841.
97
Calculate the greatest common divisor of 389647378 and 68.
34
What is the highest common divisor of 208402254 and 106?
106
Calculate the greatest common divisor of 6111 and 15915438.
63
Calculate the highest common factor of 3071789 and 217.
7
Calculate the greatest common factor of 320813 and 1670481.
593
Calculate the greatest common divisor of 137 and 307.
1
Calculate the greatest common divisor of 13973 and 210930.
89
What is the highest common factor of 633252025 and 25?
25
What is the greatest common divisor of 464128 and 368?
16
Calculate the greatest common divisor of 22437297 and 17.
17
What is the greatest common factor of 3819 and 6123795?
57
Calculate the greatest common factor of 261 and 20881479.
87
Calculate the highest common divisor of 258 and 2662646.
86
Calculate the highest common divisor of 54 and 224674524.
18
What is the greatest common divisor of 28477798 and 498?
166
What is the highest common factor of 10 and 689245?
5
Calculate the greatest common divisor of 5385 and 81465.
15
Calculate the greatest common divisor of 1260880 and 180.
20
Calculate the highest common divisor of 432 and 335331504.
144
What is the highest common divisor of 2131338 and 235554?
2838
Calculate the greatest common divisor of 1323 and 765620478.
189
What is the highest common divisor of 218 and 15952586?
218
What is the greatest common factor of 9137466 and 1598?
34
Calculate the highest common factor of 10949102 and 826.
118
Calculate the highest common factor of 124997418 and 119262.
10842
What is the highest common factor of 5999954 and 356991?
6263
Calculate the greatest common divisor of 1928 and 5157.
1
Calculate the highest common factor of 46095 and 70140.
105
What is the greatest common divisor of 40724334 and 1330?
266
What is the greatest common factor of 1027 and 12785281?
79
Calculate the greatest common divisor of 308541103 and 169.
169
What is the greatest common divisor of 51830425 and 2350?
1175
What is the greatest common divisor of 2850679 and 4352?
17
Calculate the greatest common factor of 269197760 and 260.
260
What is the greatest common divisor of 2350053 and 23940?
171
Calculate the highest common divisor of 273214720 and 2560.
1280
What is the greatest common divisor of 3930 and 393693645?
1965
What is the greatest common factor of 160111270 and 1870?
1870
What is the greatest common factor of 211620 and 165?
15
Calculate the greatest common divisor of 60 and 77729370.
30
Calculate the highest common factor of 3290685 and 724080.
6465
Calculate the greatest common divisor of 69991801 and 55.
11
Calculate the greatest common divisor of 230 and 191635195.
115
Calculate the greatest common factor of 674 and 64549991.
337
What is the greatest common divisor of 13764 and 169446?
186
Calculate the highest common factor of 24244878 and 42.
42
What is the greatest common divisor of 247823 and 3595002?
3137
Calculate the highest common factor of 1944222 and 34006.
98
Calculate the greatest common divisor of 987051 and 39.
39
What is the highest common divisor 